r?
True
Is 55987 a prime number?
True
Is 222393 a prime number?
False
Is 104581 prime?
False
Is 512443 a prime number?
True
Is 18743 a composite number?
False
Is 571 composite?
False
Is 80599 a composite number?
False
Is 319079 a prime number?
False
Is 16603 a prime number?
True
Is 13165 a composite number?
True
Is 118957 a composite number?
True
Is 78779 a composite number?
False
Is 144341 composite?
False
Is 205429 a prime number?
False
Is 501461 composite?
True
Is 16301 a prime number?
True
Is 587 a prime number?
True
Is 65713 a composite number?
False
Is 298021 composite?
False
Is 116209 prime?
False
Is 136133 a prime number?
True
Is 4577 a prime number?
False
Is 94747 a prime number?
True
Is 10533 composite?
True
Is 311533 prime?
True
Is 202123 a prime number?
False
Is 1071113 a prime number?
False
Is 51131 a composite number?
False
Is 13771 prime?
False
Is 15859 composite?
False
Is 1803371 a prime number?
True
Is 92611 a prime number?
False
Is 14253 a composite number?
True
Is 627709 a composite number?
False
Is 372181 composite?
True
Is 499034 prime?
False
Is 98359 a prime number?
False
Is 129263 composite?
False
Is 1774 composite?
True
Is 290317 a composite number?
False
Is 50459 prime?
True
Is 106999 a prime number?
False
Is 3791 a composite number?
True
Is 42283 prime?
True
Is 229111 a prime number?
False
Is 46301 prime?
True
Is 6619 a prime number?
True
Is 40263 a prime number?
False
Is 76649 a composite number?
False
Is 27113 prime?
False
Is 315961 a composite number?
False
Is 6109 prime?
False
Is 347 prime?
True
Is 861293 a composite number?
False
Is 166999 composite?
True
Is 10559 prime?
True
Is 212365 composite?
True
Is 1566031 composite?
False
Is 91535 composite?
True
Is 41381 a composite number?
False
Is 16529 composite?
False
Is 8663 a composite number?
False
Is 1222711 a prime number?
False
Is 42649 prime?
True
Is 451 prime?
False
Is 238957 a prime number?
False
Is 18035 prime?
False
Is 115337 prime?
True
Is 3793 composite?
False
Is 194537 prime?
False
Is 474289 a composite number?
False
Is 517967 composite?
False
Is 5923 composite?
False
Is 132353 a prime number?
False
Is 15089 a composite number?
True
Is 2719391 composite?
False
Is 15427 composite?
False
Is 10669 a prime number?
False
Is 151781 a composite number?
True
Is 7019 prime?
True
Is 3193361 composite?
False
Is 203649 a composite number?
True
Is 466967 a composite number?
True
Is 4441 composite?
False
Is 265091 a composite number?
False
Is 10651 prime?
True
Is 107639 a composite number?
True
Is 27631 prime?
True
Is 240953 composite?
False
Is 1474157 prime?
False
Is 160129 a composite number?
True
Is 9899 a composite number?
True
Is 19373 prime?
True
Is 100693 prime?
True
Is 32771 a composite number?
False
Is 10579 a prime number?
False
Is 7349 prime?
True
Is 3017 composite?
True
Is 544855 a prime number?
False
Is 22343 a composite number?
False
Is 4033 a prime number?
False
Is 617983 composite?
False
Is 49757 a prime number?
True
Is 3377 a composite number?
True
Is 185593 a prime number?
True
Is 35753 prime?
True
Is 174017 a prime number?
True
Is 35491 a composite number?
False
Is 3262863 a prime number?
False
Is 21313 composite?
False
Is 41317 prime?
False
Is 3221783 a prime number?
True
Is 146581 a composite number?
False
Is 31877 a prime number?
False
Is 6437 a prime number?
False
Is 1399 prime?
True
Is 341179 a composite number?
False
Is 23413 a composite number?
True
Is 2326 a composite number?
True
Is 747853 a prime number?
True
Is 6599 a composite number?
False
Is 149351 a composite number?
False
Is 381167 prime?
True
Is 58889 a prime number?
True
Is 6833 a prime number?
True
Is 106991 a prime number?
False
Is 124427 a composite number?
False
Is 49109 a prime number?
True
Is 5969 a composite number?
True
Is 14621 composite?
False
Is 101159 prime?
True
Is 264527 prime?
True
Is 6557 composite?
True
Is 11393 prime?
True
Is 47723 a prime number?
False
Is 39979 a composite number?
False
Is 33653 composite?
True
Is 339749 prime?
True
Is 998 a composite number?
True
Is 12955 a composite number?
True
Is 27611 a composite number?
False
Is 257 a prime number?
True
Is 5207 prime?
False
Is 2611 a composite number?
True
Is 251 prime?
True
Is 49481 a composite number?
False
Is 1993 a prime number?
True
Is 18041 a composite number?
False
Is 2016383 composite?
True
Is 381911 prime?
True
Is 3265 a prime number?
False
Is 1342849 prime?
True
Is 460679 prime?
False
Is 1787881 a prime number?
False
Is 5687237 a composite number?
False
Is 59599 a composite number?
True
Is 4513 a prime number?
True
Is 41977 prime?
False
Is 150373 prime?
True
Is 114877 composite?
True
Is 106579 a prime number?
False
Is 418713 a prime number?
False
Is 6863 a composite number?
False
Is 20419 a composite number?
True
Is 29521 a prime number?
False
Is 84517 a prime number?
False
Is 96137 prime?
True
Is 23929 composite?
False
Is 37397 a composite number?
False
Is 210229 a prime number?
True
Is 8563 prime?
True
Is 422 prime?
False
Is 94093 prime?
False
Is 2941 prime?
False
Is 24483 a composite number?
True
Is 2437 composite?
False
Is 22873 composite?
True
Is 1195 a composite number?
True
Is 2215615 a composite number?
True
Is 7279 a composite number?
True
Is 1766879 composite?
False
Is 6641 a composite number?
True
Is 1022453 a prime number?
False
Is 3989 composite?
False
Is 39503 a composite number?
False
Is 959 a composite number?
True
Is 129263 a prime number?
True
Is 7369 a prime number?
True
Is 2903 composite?
False
Is 8623 prime?
True
Is 154487 a composite number?
False
Is 3201331 composite?
True
Is 8081 a prime number?
True
Is 4049 composite?
False
Is 15727 composite?
False
Is 3041 composite?
False
Is 32711 a composite number?
True
Is 175811 a composite number?
False
Is 60019 prime?
False
Is 15103 a composite number?
True
Is 68485 a composite number?
True
Is 60241 composite?
True
Is 1087 composite?
False
Is 513231 prime?
False
Is 1961 composite?
True
Is 159955 a composite number?
True
Is 12147 a prime number?
False
Is 43087 a prime number?
False
Is 205061 prime?
False
Is 934001 prime?
True
Is 649 prime?
False
Is 332751 prime?
False
Is 4759 composite?
False
Is 696187 composite?
True
Is 2551 prime?
True
Is 53 a prime number?
True
Is 1067 prime?
False
Is 38453 prime?
True
Is 175211 prime?
True
Is 794363 a composite number?
False
Is 57997 a composite number?
True
Is 5578 composite?
True
Is 218789 a prime number?
False
Is 288619 a composite number?
True
Is 3967 a composite number?
False
Is 758441 a composite number?
False
Is 123169 a composite number?
False
Is 10231 prime?
False
Is 173287 composite?
True
Is 833189 a composite number?
True
Is 125167 composite?
True
Is 982489 prime?
True
Is 15089 a prime number?
False
Is 4547 a composite number?
False
Is 24539 a composite number?
True
Is 521 composite?
False
Is 18923 a prime number?
False
Is 6131 composite?
False
Is 116867 a composite number?
False
Is 2487 a composite number?
True
Is 16255 composite?
True
Is 1061 composite?
False
Is 104927 composite?
True
Is 192505 a prime number?
False
Is 9901 a composite number?
False
Is 308419 composite?
True
Is 280321 prime?
True
Is 18355 composite?
True
Is 70931 prime?
False
Is 662401 a composite number?
False
Is 1227659 a composite number?
False
Is 15877 prime?
True
Is 1449061 a composite number?
False
Is 43499 a composite number?
False
Is 12347 a composite number?
False
Is 147597 prime?
False
Is 505759 a prime number?
True
Is 11735 prime?
False
Is 25657 composite?
False
Is 6619 composite?
False
Is 288157 prime?
False
Is 24711 a composite number?
True
Is 116079 composite?
True
Is 430427 a prime number?
True
Is 75817 composite?
True
Is 119447 prime?
True
Is 49103 prime?
True
Is 23451 a prime number?
False
Is 57614 composite?
True
Is 134909 a prime number?
True
Is 499711 composite?
False
Is 2921 a prime number?
False
Is 1402 a prime number?
False
Is 36217 a composite number?
False
Is 3433 prime?
True
Is 3371 prime?
True
Is 1973 a prime number?
True
Is 22409 a composite number?
False
Is 90397 composite?
False
Is 144086 composite?
True
Is 10711 a prime number?
True
Is 303 prime?
False
Is 61211 prime?
True
Is 12381 a prime number?
False
Is 32141 composite?
False
Is 85807 prime?
False
Is 129263 composite?
False
Is 8